{"id":2,"date":"2020-01-31T12:46:23","date_gmt":"2020-01-31T11:46:23","guid":{"rendered":"http:\/\/reconnexion.be\/?page_id=2"},"modified":"2026-08-18T10:45:06","modified_gmt":"2026-08-18T08:45:06","slug":"page-d-exemple","status":"publish","type":"page","link":"https:\/\/reconnexion.be\/","title":{"rendered":""},"content":{"rendered":"\n<h3 class=\"wp-block-heading has-text-align-center is-style-default has-text-color\" style=\"color:#ca9b52;font-style:italic;font-weight:400\"> Reconnexion est un espace bien-\u00eatre \u00e9coresponsable<\/h3>\n\n\n\n<p class=\"wp-block-paragraph\"><\/p>\n\n\n\n<p class=\"has-text-align-center wp-block-paragraph\">Je te propose un moment pour te <strong>poser<\/strong>,<strong> <\/strong>&#8230;   <\/p>\n\n\n\n<p class=\"has-text-align-center wp-block-paragraph\">Revenir \u00e0 l\u2019essentiel, pour prendre soin de toi avec ce que la <strong>nature <\/strong>a de mieux \u00e0 nous offrir. <\/p>\n\n\n\n<p class=\"wp-block-paragraph\"><\/p>\n\n\n\n<p class=\"has-text-align-center wp-block-paragraph\">Au travers de <strong>massages sp\u00e9cifiques<\/strong>, de <strong>rituels saisoniers <\/strong>et de <strong>soins visage  sur mesure<\/strong>, j\u2019utilise pour ce faire des mati\u00e8res premi\u00e8res biologiques (<strong>argiles, huiles v\u00e9g\u00e9tales, huiles essentielles, eaux florales, aloe vera<\/strong>&#8230;) et des produits <strong>cosm\u00e9tiques bio <\/strong>de qualit\u00e9, respectueux de ta peau et de l\u2019environnement &#8230; <\/p>\n\n\n\n<p class=\"has-text-align-center wp-block-paragraph\"> Je propose \u00e9galement des <strong>massages <\/strong>destin\u00e9s aux<strong> futures mamans<\/strong>.<\/p>\n\n\n\n<p class=\"has-text-align-center wp-block-paragraph\">Tous les produits utilis\u00e9s et propos\u00e9s \u00e0 la vente proviennent de  fournisseurs belges.  Les produits sont soit vendus dans des <strong>contenants  recyclables\/r\u00e9utilisables<\/strong>. <\/p>\n\n\n\n<p class=\"has-text-align-center wp-block-paragraph\">  J\u2019ai <strong>minutieusement <\/strong>r\u00e9fl\u00e9chi  les soins et <strong>s\u00e9lectionn\u00e9 <\/strong>mes <strong>produits <\/strong>afin de respecter et de r\u00e9pondre au mieux aux <strong>besoins <\/strong>les <strong>plus sp\u00e9cifiques <\/strong>de ta peau (peau sensible\/r\u00e9active, allergies, &#8230;)<\/p>\n\n\n\n<p class=\"has-text-align-center wp-block-paragraph\"> <strong>Tous les soins sont adaptables <\/strong>en fonction des besoins de chacun (femme  enceinte, peaux sensibles, allergies, douleurs, &#8230;) <\/p>\n\n\n\n<blockquote class=\"wp-block-quote has-text-align-center is-layout-flow wp-block-quote-is-layout-flow\">\n<p class=\"has-text-color has-link-color wp-elements-6c2d197c27ec557762984f6a5fda6961 wp-block-paragraph\" style=\"color:#ca9b52;font-style:italic;font-weight:300\">\u00ab Laisse la nature prendre soin de toi \u00bb<\/p>\n<\/blockquote>\n\n\n\n<p class=\"has-text-align-center wp-block-paragraph\">Au plaisir de te rencontrer<\/p>\n\n\n\n<p class=\"has-text-align-center wp-block-paragraph\">Victoria <\/p>\n\n\n\n<p class=\"wp-block-paragraph\"><\/p>\n","protected":false},"excerpt":{"rendered":"<p>Reconnexion est un espace bien-\u00eatre \u00e9coresponsable Je te propose un moment pour te poser, &#8230; Revenir \u00e0 l\u2019essentiel, pour prendre soin de toi avec ce que la nature a de mieux \u00e0 nous offrir. Au travers de massages sp\u00e9cifiques, de rituels saisoniers et de soins visage sur mesure, j\u2019utilise pour ce faire des mati\u00e8res premi\u00e8res biologiques (argiles, huiles v\u00e9g\u00e9tales, huiles essentielles, eaux florales, aloe vera&#8230;) et des produits cosm\u00e9tiques bio de qualit\u00e9, respectueux de ta peau et de l\u2019environnement &#8230; Je propose \u00e9galement des massages destin\u00e9s aux futures mamans. Tous les produits utilis\u00e9s et propos\u00e9s \u00e0 la vente proviennent de fournisseurs belges. Les produits sont soit vendus dans des contenants recyclables\/r\u00e9utilisables. J\u2019ai minutieusement r\u00e9fl\u00e9chi les soins et s\u00e9lectionn\u00e9 mes produits afin de respecter et de r\u00e9pondre au mieux aux besoins les plus sp\u00e9cifiques de ta peau (peau sensible\/r\u00e9active, allergies, &#8230;) Tous les soins sont adaptables en fonction des besoins de chacun (femme enceinte, peaux sensibles, allergies, douleurs, &#8230;) \u00ab Laisse la nature prendre soin de toi \u00bb Au plaisir de te rencontrer Victoria<\/p>\n","protected":false},"author":1,"featured_media":0,"parent":0,"menu_order":0,"comment_status":"closed","ping_status":"open","template":"","meta":{"spay_email":"","footnotes":""},"class_list":["post-2","page","type-page","status-publish","hentry"],"_links":{"self":[{"href":"https:\/\/reconnexion.be\/index.php\/wp-json\/wp\/v2\/pages\/2","targetHints":{"allow":["GET"]}}],"collection":[{"href":"https:\/\/reconnexion.be\/index.php\/wp-json\/wp\/v2\/pages"}],"about":[{"href":"https:\/\/reconnexion.be\/index.php\/wp-json\/wp\/v2\/types\/page"}],"author":[{"embeddable":true,"href":"https:\/\/reconnexion.be\/index.php\/wp-json\/wp\/v2\/users\/1"}],"replies":[{"embeddable":true,"href":"https:\/\/reconnexion.be\/index.php\/wp-json\/wp\/v2\/comments?post=2"}],"version-history":[{"count":16,"href":"https:\/\/reconnexion.be\/index.php\/wp-json\/wp\/v2\/pages\/2\/revisions"}],"predecessor-version":[{"id":550,"href":"https:\/\/reconnexion.be\/index.php\/wp-json\/wp\/v2\/pages\/2\/revisions\/550"}],"wp:attachment":[{"href":"https:\/\/reconnexion.be\/index.php\/wp-json\/wp\/v2\/media?parent=2"}],"curies":[{"name":"wp","href":"https:\/\/api.w.org\/{rel}","templated":true}]}}

<h3 class="wp-block-heading has-text-align-center is-style-default has-text-color" style="color:#ca9b52;font-style:italic;font-weight:400"> Reconnexion est un espace bien-être écoresponsable</h3>



<p class="wp-block-paragraph"></p>



<p class="has-text-align-center wp-block-paragraph">Je te propose un moment pour te <strong>poser</strong>,<strong> </strong>&#8230;   </p>



<p class="has-text-align-center wp-block-paragraph">Revenir à l’essentiel, pour prendre soin de toi avec ce que la <strong>nature </strong>a de mieux à nous offrir. </p>



<p class="wp-block-paragraph"></p>



<p class="has-text-align-center wp-block-paragraph">Au travers de <strong>massages spécifiques</strong>, de <strong>rituels saisoniers </strong>et de <strong>soins visage  sur mesure</strong>, j’utilise pour ce faire des matières premières biologiques (<strong>argiles, huiles végétales, huiles essentielles, eaux florales, aloe vera</strong>&#8230;) et des produits <strong>cosmétiques bio </strong>de qualité, respectueux de ta peau et de l’environnement &#8230; </p>



<p class="has-text-align-center wp-block-paragraph"> Je propose également des <strong>massages </strong>destinés aux<strong> futures mamans</strong>.</p>



<p class="has-text-align-center wp-block-paragraph">Tous les produits utilisés et proposés à la vente proviennent de  fournisseurs belges.  Les produits sont soit vendus dans des <strong>contenants  recyclables/réutilisables</strong>. </p>



<p class="has-text-align-center wp-block-paragraph">  J’ai <strong>minutieusement </strong>réfléchi  les soins et <strong>sélectionné </strong>mes <strong>produits </strong>afin de respecter et de répondre au mieux aux <strong>besoins </strong>les <strong>plus spécifiques </strong>de ta peau (peau sensible/réactive, allergies, &#8230;)</p>



<p class="has-text-align-center wp-block-paragraph"> <strong>Tous les soins sont adaptables </strong>en fonction des besoins de chacun (femme  enceinte, peaux sensibles, allergies, douleurs, &#8230;) </p>



<blockquote class="wp-block-quote has-text-align-center is-layout-flow wp-block-quote-is-layout-flow">
<p class="has-text-color has-link-color wp-elements-6c2d197c27ec557762984f6a5fda6961 wp-block-paragraph" style="color:#ca9b52;font-style:italic;font-weight:300">« Laisse la nature prendre soin de toi »</p>
</blockquote>



<p class="has-text-align-center wp-block-paragraph">Au plaisir de te rencontrer</p>



<p class="has-text-align-center wp-block-paragraph">Victoria </p>



<p class="wp-block-paragraph"></p>

<p>Reconnexion est un espace bien-être écoresponsable Je te propose un moment pour te poser, &#8230; Revenir à l’essentiel, pour prendre soin de toi avec ce que la nature a de mieux à nous offrir. Au travers de massages spécifiques, de rituels saisoniers et de soins visage sur mesure, j’utilise pour ce faire des matières premières biologiques (argiles, huiles végétales, huiles essentielles, eaux florales, aloe vera&#8230;) et des produits cosmétiques bio de qualité, respectueux de ta peau et de l’environnement &#8230; Je propose également des massages destinés aux futures mamans. Tous les produits utilisés et proposés à la vente proviennent de fournisseurs belges. Les produits sont soit vendus dans des contenants recyclables/réutilisables. J’ai minutieusement réfléchi les soins et sélectionné mes produits afin de respecter et de répondre au mieux aux besoins les plus spécifiques de ta peau (peau sensible/réactive, allergies, &#8230;) Tous les soins sont adaptables en fonction des besoins de chacun (femme enceinte, peaux sensibles, allergies, douleurs, &#8230;) « Laisse la nature prendre soin de toi » Au plaisir de te rencontrer Victoria</p>
